{"id":208,"date":"2026-04-14T13:32:33","date_gmt":"2026-04-14T11:32:33","guid":{"rendered":"https:\/\/harmonie-neuhaus.de\/wordpress\/?page_id=208"},"modified":"2026-04-14T13:32:44","modified_gmt":"2026-04-14T11:32:44","slug":"mitgliedschaft-und-foerderungen","status":"publish","type":"page","link":"https:\/\/harmonie-neuhaus.de\/wordpress\/mitgliedschaft-und-foerderungen\/","title":{"rendered":"Verband und F\u00f6rderer"},"content":{"rendered":"\n<p>Vielen Dank an unseren Verband und unsere F\u00f6rderer f\u00fcr regelm\u00e4\u00dfige Spenden und Unterst\u00fctzung bestimmter Projekte:<\/p>\n\n\n\n<ul class=\"wp-block-list\">\n<li><a href=\"https:\/\/www.stmwk.bayern.de\/\" target=\"_blank\" rel=\"noreferrer noopener nofollow\">Bayerische Staatsministerium f\u00fcr Wissenschaft und Kunst<br><img loading=\"lazy\" decoding=\"async\" width=\"400\" height=\"85\" class=\"wp-image-203\" style=\"width: 400px;\" src=\"https:\/\/harmonie-neuhaus.de\/wordpress\/wp-content\/uploads\/2026\/04\/Bayerische-Staatsministerium-fuer-Wissenschaft-und-Kunst.jpg\" alt=\"\" srcset=\"https:\/\/harmonie-neuhaus.de\/wordpress\/wp-content\/uploads\/2026\/04\/Bayerische-Staatsministerium-fuer-Wissenschaft-und-Kunst.jpg 451w, https:\/\/harmonie-neuhaus.de\/wordpress\/wp-content\/uploads\/2026\/04\/Bayerische-Staatsministerium-fuer-Wissenschaft-und-Kunst-300x64.jpg 300w\" sizes=\"auto, (max-width: 400px) 100vw, 400px\" \/><\/a><\/li>\n\n\n\n<li><a href=\"https:\/\/fsb-online.de\/erlangen\/\" target=\"_blank\" rel=\"noreferrer noopener nofollow\">Fr\u00e4nkischer S\u00e4ngerbund &#8211; S\u00e4ngerkreis Erlangen-Forchheim<br><img loading=\"lazy\" decoding=\"async\" width=\"150\" height=\"136\" class=\"wp-image-204\" style=\"width: 150px;\" src=\"https:\/\/harmonie-neuhaus.de\/wordpress\/wp-content\/uploads\/2026\/04\/FSB-Logo_bunt.png\" alt=\"\"><\/a><\/li>\n\n\n\n<li><a href=\"https:\/\/www.adelsdorf.de\/\" target=\"_blank\" rel=\"noreferrer noopener nofollow\">Gemeinde Adelsdorf<br><img loading=\"lazy\" decoding=\"async\" width=\"300\" height=\"85\" class=\"wp-image-205\" style=\"width: 300px;\" src=\"https:\/\/harmonie-neuhaus.de\/wordpress\/wp-content\/uploads\/2026\/04\/csm_logo-adelsdorf_ae57368334.webp\" alt=\"\" srcset=\"https:\/\/harmonie-neuhaus.de\/wordpress\/wp-content\/uploads\/2026\/04\/csm_logo-adelsdorf_ae57368334.webp 310w, https:\/\/harmonie-neuhaus.de\/wordpress\/wp-content\/uploads\/2026\/04\/csm_logo-adelsdorf_ae57368334-300x85.webp 300w\" sizes=\"auto, (max-width: 300px) 100vw, 300px\" \/><\/a><\/li>\n\n\n\n<li><a href=\"https:\/\/www.erlangen-hoechstadt.de\/\" target=\"_blank\" rel=\"noreferrer noopener nofollow\">Landkreis Erlangen-H\u00f6chstadt<br><img loading=\"lazy\" decoding=\"async\" width=\"300\" height=\"78\" class=\"wp-image-206\" style=\"width: 300px;\" src=\"https:\/\/harmonie-neuhaus.de\/wordpress\/wp-content\/uploads\/2026\/04\/ERH-Logo.png\" alt=\"\" srcset=\"https:\/\/harmonie-neuhaus.de\/wordpress\/wp-content\/uploads\/2026\/04\/ERH-Logo.png 596w, https:\/\/harmonie-neuhaus.de\/wordpress\/wp-content\/uploads\/2026\/04\/ERH-Logo-300x78.png 300w\" sizes=\"auto, (max-width: 300px) 100vw, 300px\" \/><\/a><\/li>\n\n\n\n<li><a href=\"https:\/\/www.sparkasse-erlangen.de\" target=\"_blank\" rel=\"noreferrer noopener nofollow\">Sparkasse Erlangen-H\u00f6chstadt<br><img loading=\"lazy\" decoding=\"async\" width=\"400\" height=\"133\" class=\"wp-image-197\" style=\"width: 400px;\" src=\"https:\/\/harmonie-neuhaus.de\/wordpress\/wp-content\/uploads\/2026\/04\/Sparkasse-Logo-rot.png\" alt=\"\" srcset=\"https:\/\/harmonie-neuhaus.de\/wordpress\/wp-content\/uploads\/2026\/04\/Sparkasse-Logo-rot.png 1500w, https:\/\/harmonie-neuhaus.de\/wordpress\/wp-content\/uploads\/2026\/04\/Sparkasse-Logo-rot-300x100.png 300w, https:\/\/harmonie-neuhaus.de\/wordpress\/wp-content\/uploads\/2026\/04\/Sparkasse-Logo-rot-1024x341.png 1024w, https:\/\/harmonie-neuhaus.de\/wordpress\/wp-content\/uploads\/2026\/04\/Sparkasse-Logo-rot-768x256.png 768w, https:\/\/harmonie-neuhaus.de\/wordpress\/wp-content\/uploads\/2026\/04\/Sparkasse-Logo-rot-1200x400.png 1200w\" sizes=\"auto, (max-width: 400px) 100vw, 400px\" \/><\/a><\/li>\n<\/ul>\n","protected":false},"excerpt":{"rendered":"<p>Vielen Dank an unseren Verband und unsere F\u00f6rderer f\u00fcr regelm\u00e4\u00dfige Spenden und Unterst\u00fctzung bestimmter Projekte:<\/p>\n","protected":false},"author":2,"featured_media":0,"parent":0,"menu_order":0,"comment_status":"closed","ping_status":"closed","template":"","meta":{"footnotes":""},"class_list":["post-208","page","type-page","status-publish","hentry"],"_links":{"self":[{"href":"https:\/\/harmonie-neuhaus.de\/wordpress\/wp-json\/wp\/v2\/pages\/208","targetHints":{"allow":["GET"]}}],"collection":[{"href":"https:\/\/harmonie-neuhaus.de\/wordpress\/wp-json\/wp\/v2\/pages"}],"about":[{"href":"https:\/\/harmonie-neuhaus.de\/wordpress\/wp-json\/wp\/v2\/types\/page"}],"author":[{"embeddable":true,"href":"https:\/\/harmonie-neuhaus.de\/wordpress\/wp-json\/wp\/v2\/users\/2"}],"replies":[{"embeddable":true,"href":"https:\/\/harmonie-neuhaus.de\/wordpress\/wp-json\/wp\/v2\/comments?post=208"}],"version-history":[{"count":2,"href":"https:\/\/harmonie-neuhaus.de\/wordpress\/wp-json\/wp\/v2\/pages\/208\/revisions"}],"predecessor-version":[{"id":210,"href":"https:\/\/harmonie-neuhaus.de\/wordpress\/wp-json\/wp\/v2\/pages\/208\/revisions\/210"}],"wp:attachment":[{"href":"https:\/\/harmonie-neuhaus.de\/wordpress\/wp-json\/wp\/v2\/media?parent=208"}],"curies":[{"name":"wp","href":"https:\/\/api.w.org\/{rel}","templated":true}]}}